e factors of r?
47
Let d(p) = -39*p + 24. Let u be d(-4). Let m = 322 - u. List the prime factors of m.
2, 71
Suppose 3*u - 1 = -3*x - 7, 4*u + 20 = 0. Suppose -h - x + 5 = 0. Let a = 8 + h. List the prime factors of a.
2, 5
Let a = -20 - -22. Suppose -k - 3*k = a*v - 234, -5*v = 4*k - 231. List the prime factors of k.
59
Let r(k) = k**3 + 3*k**2 - 3*k - 7. Let y be r(-3). What are the prime factors of -3*y/(-3) + 19?
3, 7
Let x = 58 + -47. Suppose -12*w = -x*w - 148. List the prime factors of w.
2, 37
Let w(c) = -16*c**2 - 2*c - 3. Let x(j) = -j**2 - j + 1. Let t(z) = -w(z) + x(z). List the prime factors of t(-2).
2, 31
Let o(t) = t + 13*t + 0 - 2 + 1. Let h(c) = 13*c - 1. Let w(z) = -6*h(z) + 5*o(z). List the prime factors of w(-1).
3
Suppose 12*a = 4*a + 9136. What are the prime factors of a?
2, 571
What are the prime factors of ((-2330)/15 - 6)/((-2)/3)?
2, 11
Let w be (1 - 2) + (-1 - -13). Suppose l = 114 - w. Suppose -18 = 5*o - l. What are the prime factors of o?
17
Let y = -1233 + 1797. What are the prime factors of y?
2, 3, 47
Let t(p) = -6*p**3 - 20*p**2 - 4*p + 23. Let m(b) = 5*b**3 + 20*b**2 + 4*b - 23. Let x(s) = -5*m(s) - 4*t(s). What are the prime factors of x(-20)?
103
Let t(x) = 2*x + 3. Let p be -3 + (0 - (-9)/3). Let h be t(p). What are the prime factors of (-68 + h)/(-1) + -3?
2, 31
Let c(p) = -114*p + 86. What are the prime factors of c(-2)?
2, 157
Suppose 7*o - 1267 - 2072 = 0. List the prime factors of o.
3, 53
Let k = -16 + 18. Let p be k + -2*(-2 + 3). Suppose 5*q = 5*d + 60, p = -3*q - d + 3*d + 35. List the prime factors of q.
11
Let g = 1029 - -598. What are the prime factors of g?
1627
Suppose h = -7*j + 6*j + 378, 3*j - 1116 = 3*h. What are the prime factors of j?
3, 5
Let d be 240/18*18/8. Let w = d - 18. Suppose k = -k + w. List the prime factors of k.
2, 3
What are the prime factors of 3*1/4*156/9?
13
Let v = 79 - 76. Suppose 6*g = -4*r + g + 568, v*r + 4*g - 426 = 0. List the prime factors of r.
2, 71
Suppose 0 = -4*s + 1 + 3. Let l be -4*(-3)/4*s. Suppose 3*h - 21 = -g, 4*h - 68 = -l*g - 0*h. List the prime factors of g.
2, 3
Let u(g) = g**2 + g - 4. Let h(j) = j**2 + 2*j - 3. Let a be h(2). Suppose 9 = -0*c + 3*c, -3 = -4*t - a*c. What are the prime factors of u(t)?
2
Let y(n) = 69*n + 20. Let o be y(-6). Let f = o + 558. What are the prime factors of f?
2, 41
Suppose 0 = -0*a - 6*a + 186. What are the prime factors of a*-1*(-3 + 1)?
2, 31
Let b(y) = -y**3 - 5*y**2 + 7*y + 7. Let m be b(-7). Suppose -3 = -15*j + 18*j. What are the prime factors of m + (j - -2 - 2)?
5, 11
Suppose -202*t + 10458 = -188*t. What are the prime factors of t?
3, 83
Let a be (1 - -2)/((-4)/20). Let l(j) = j + 17. Let v be l(a). Suppose -v*r = -3*r + 21. What are the prime factors of r?
3, 7
Suppose 2*u - 207 = 3*d, -90 = -u - 2*d - d. What are the prime factors of u?
3, 11
Let h = -168 - -330. List the prime factors of h.
2, 3
Let m(l) = 5*l**2 - l - 1. Let q be m(1). Let u be (-12)/(((-9)/14)/3). Suppose q*v + u = 4*v. List the prime factors of v.
2, 7
Let d(m) be the first derivative of -m**3/3 - 8*m**2 - 10*m - 10. List the prime factors of d(-9).
53
Let c = -284 - -811. What are the prime factors of c?
17, 31
Let b(v) be the third derivative of -v**5/60 - 7*v**4/12 + 17*v**3/6 - 3*v**2. Let k be b(-15). Suppose 4*f = k*f + 104. List the prime factors of f.
2, 13
Let l = 17 + 12. Let w = l + 42. List the prime factors of w.
71
What are the prime factors of 4/10 - ((-7266)/35 - 4)?
2, 53
Let m(z) = 3520*z**2 + 3*z + 4. List the prime factors of m(-1).
7, 503
Suppose -2*y = y + 30. What are the prime factors of 2/y - 9223/(-115)?
2, 5
Suppose 0 = y + 1 - 5. Suppose -16 = -y*g, -34 = -8*r + 5*r - g. List the prime factors of r.
2, 5
Let n = 4595 - -1526. List the prime factors of n.
6121
Let j = 27 - 12. Suppose -90 = 4*h - 30. List the prime factors of (-3)/j + (-468)/h.
31
Let z = -77 - -78. What are the prime factors of (8 - 2)/((-3)/(-86)*z)?
2, 43
Let q(k) = 16*k + 19. Let m be q(10). Let l = m + -55. What are the prime factors of l?
2, 31
Let b(c) = -c + 9. Let n be b(6). Let g(t) = -2*t - 1 + 2 + 29*t**n - 4 + t**2 + 4. List the prime factors of g(1).
29
Let c = -108 + 474. What are the prime factors of c?
2, 3, 61
Suppose -4*h = -2*o - h + 10, -o - 2*h + 5 = 0. Suppose 4*v + w = -674, 0 = o*v - 3*w - 247 + 1098. What are the prime factors of 9/(-36) - v/4?
2, 3, 7
Suppose 4*o + 3*c - 6 = 0, c - 5*c - 20 = -4*o. Suppose 0*l - 20 = -s - l, 3*s = o*l + 30. List the prime factors of s/(-2)*112/(-35).
2, 3
List the prime factors of ((-870)/20)/((-5)/10).
3, 29
Let a be (-1 + -3*(-2)/6)/2. Suppose -573 = -3*b - a*b - 5*u, 0 = 2*u. List the prime factors of b.
191
Let n(v) = 2*v**2 - 23*v - 4. Let k be ((-2)/(-6))/(1*(-5)/105). What are the prime factors of n(k)?
3, 5, 17
Let b = 4 - 19. List the prime factors of (-2 - 24/15)*b.
2, 3
Suppose -u - 2*o = -1765, -39*u - 4*o + 8819 = -34*u. What are the prime factors of u?
41, 43
Let t(f) = -9*f**3 - 2*f - 2. Suppose -5*w = -1 + 11. What are the prime factors of t(w)?
2, 37
Let j(y) = y**2 + 12 - 4 + 4*y + y**2 - 4*y**2. Let s be j(4). What are the prime factors of 4*(-6)/s + -1?
2
Let h = -20 + 1. Let j be (h - 4 - 2)/1. Let l = -23 - j. What are the prime factors of l?
2
Let b = -2129 - -2994. List the prime factors of b.
5, 173
Let l(b) = 28*b**2 + 12*b. List the prime factors of l(-4).
2, 5
Let o(t) = 181*t**3 - 3*t**2 + 6*t - 5. List the prime factors of o(2).
3, 13, 37
Suppose -6 = -42*r + 624. Let g be (-4 - 1)/(1/(-2)). What are the prime factors of 25/((g/r)/2)?
3, 5
Let o(x) = -x**2 + 6*x + 5. Let h be o(7). Let c be (2 + 0)*(-5)/h. Suppose -2*j = -j - c. What are the prime factors of j?
5
Let m(y) = -381*y**3 - y**2 + 4*y + 5. What are the prime factors of m(-1)?
3, 127
Let w(u) = -2*u**2 - u - 2. Let y be w(2). Let s be 12/(-2)*(-1 + -1). What are the prime factors of ((-69)/y)/(3/s)?
23
Let b(l) = -2*l**3 - 13*l**2 + 7*l + 8. Let u be b(-7). Let t(a) be the third derivative of 5*a**4/24 - 5*a**3/3 - 2*a**2. What are the prime factors of t(u)?
2, 3, 5
Let v(o) = 40*o - 2. Let c be v(-1). Let u = 190 - 131. Let b = c + u. List the prime factors of b.
17
Suppose -5 = -5*s + 20. Suppose s*l - 96 = 3*l. Let c = l - 34. List the prime factors of c.
2, 7
Let n be -1 + 0 + 69/3. Let r(q) = -q**3 + q**2 + 12*q - 19. Let s be r(3). List the prime factors of 2*s + n + 1.
3, 7
Let a(b) = 5*b**2 - 3*b + 2*b + 2 - 4*b**2 + 3*b**2. Let f be a(-3). Suppose -5*x = -3*q - 25 - 22, -4*x - q + f = 0. What are the prime factors of x?
2, 5
Let b = -99 + 705. List the prime factors of b.
2, 3, 101
Let p be 4 + 7 + -4 - 3. Let d(a) = -a**3 + 5*a**2 - 3*a + 1. Let b be d(p). Suppose 4*y = 4, -5*j + 185 = -b*y - 175. List the prime factors of j.
73
Let m be 785/5 - 4/2. Let s = m + -101. What are the prime factors of s?
2, 3
Let s = 1072 + 3386. What are the prime factors of s?
2, 3, 743
Let h = -116 + 61. Let k = -46 + h. Let q = k + 148. What are the prime factors of q?
47
Let s(c) be the first derivative of -c**4/4 + 8*c**3/3 + 9*c**2/2 - 4*c - 3. Let n be s(9). List the prime factors of (4/10)/(n/(-140)).
2, 7
Let q(a) = -a**3 - 17*a**2 - 15*a + 6. Let s be q(-16). Let r(k) be the second derivative of -5*k**3/6 - k**2/2 - 6*k. List the prime factors of r(s).
7
Let f(w) = 5*w**2 + w. Let n be f(1). List the prime factors of (8/n)/(3/((-189)/(-14))).
2, 3
List the prime factors of -1 + -2 + (6/3 - -702).
701
Suppose 3*o - 2053 = d, o - 1354 = -o - 3*d. List the prime factors of o.
683
Let h(d) = d**2 + d - 3. Let f be h(-3). Let t = 4 - -27. Suppose f*c - t = -2*p, -p + c = 5*c - 28. List the prime factors of p.
2
Let n(o) = -308*o - 41. What are the prime factors of n(-2)?
5, 23
Suppose 449 = 3*p - q, -4*p + 697 = -4*q + 109. Let k = p + -85. What are the prime factors of k?
2, 3, 11
Suppose 10 = 3*l + 2*j - 2, l - 2*j - 12 = 0. Let a(q) = 15*q + 13. What are the prime factors of a(l)?
103
Let y(q) = -q - 7. Let j be y(-9). Suppose -3*h - 3 = -3*k + 3, -3*h - 11 = -j*k. Let g(c) = -4*c - 11. What are the prime factors of g(h)?
17
Let k(p) = -72*p - 270. List the prime factors of k(-28).
2, 3, 97
Let n be 215/1 + (0 - 3). Let c = n - 136. List the prime factors of c.
2, 19
Let d(q) = -4*q + 